{"id":2414,"date":"2022-04-04T15:58:17","date_gmt":"2022-04-04T15:58:17","guid":{"rendered":"https:\/\/blog.mandalinarossa.com\/?page_id=2414"},"modified":"2022-06-11T07:49:53","modified_gmt":"2022-06-11T07:49:53","slug":"plastiko-2","status":"publish","type":"page","link":"https:\/\/mandalinarossa.com\/?page_id=2414&lang=tr","title":{"rendered":"-plastiko-"},"content":{"rendered":"\n<p>2017 senesinde Tayland&#8217;da, bir sivil toplum kurulu\u015fu i\u00e7in geli\u015ftirdi\u011fimiz geri d\u00f6n\u00fc\u015f\u00fcm projesi kapsam\u0131nda at\u0131k plastik torbalar\u0131 kullanarak tasarlay\u0131p \u00fcretti\u011fimiz \u00e7antalar ve aksesuarlar. <\/p>\n\n\n<style>#jtg-2022 .modula-item .jtg-social a, .lightbox-socials.jtg-social a{ fill: #ffffff; color: #ffffff }#jtg-2022 .modula-item .jtg-social-mobile a{ fill: #ffffff; color: #ffffff }#jtg-2022 .modula-item .jtg-social svg, .lightbox-socials.jtg-social svg { height: 16px; width: 16px }#jtg-2022 .modula-item .jtg-social-mobile svg { height: 16px; width: 16px }#jtg-2022 .modula-item .jtg-social a:not(:last-child), .lightbox-socials.jtg-social a:not(:last-child) { margin-right: 10px }#jtg-2022 .modula-item .jtg-social-mobile .jtg-social-mobile-icons a:not(:last-child){ margin-right: 10px }#jtg-2022 .modula-item .figc {color:#ffffff;}#jtg-2022 .modula-item .modula-item-content { transform: scale(1) }#jtg-2022 .modula-items .figc p.description { font-size:14px; }#jtg-2022 .modula-items .figc p.description { color:#ffffff;}#jtg-2022.modula-gallery .modula-item > a, #jtg-2022.modula-gallery .modula-item, #jtg-2022.modula-gallery .modula-item-content > a:not(.modula-no-follow) { cursor:zoom-in; } #jtg-2022.modula-gallery .modula-item-content .modula-no-follow { cursor: default; } @media screen and (max-width:480px){#jtg-2022 .modula-item .figc .jtg-title {  font-size: 12px; }#jtg-2022 .modula-items .figc p.description { color:#ffffff;font-size:10px; }}#jtg-2022 .modula-items .modula-item:hover img{opacity:1;}<\/style>\n<!-- Gallery Container -->\n<div  id=\"jtg-2022\" class=\"modula modula-gallery modula-custom-grid\" data-config=\"{&quot;height&quot;:800,&quot;tabletHeight&quot;:800,&quot;mobileHeight&quot;:800,&quot;desktopHeight&quot;:800,&quot;enableTwitter&quot;:false,&quot;enableWhatsapp&quot;:false,&quot;enableFacebook&quot;:false,&quot;enablePinterest&quot;:false,&quot;enableLinkedin&quot;:false,&quot;enableEmail&quot;:false,&quot;randomFactor&quot;:0.5,&quot;type&quot;:&quot;custom-grid&quot;,&quot;columns&quot;:12,&quot;gutter&quot;:10,&quot;mobileGutter&quot;:10,&quot;tabletGutter&quot;:10,&quot;desktopGutter&quot;:10,&quot;enableResponsive&quot;:&quot;0&quot;,&quot;tabletColumns&quot;:&quot;2&quot;,&quot;mobileColumns&quot;:&quot;1&quot;,&quot;lazyLoad&quot;:&quot;1&quot;,&quot;lightboxOpts&quot;:{&quot;animated&quot;:true,&quot;Thumbs&quot;:{&quot;type&quot;:&quot;modern&quot;,&quot;showOnStart&quot;:false},&quot;Toolbar&quot;:{&quot;display&quot;:{&quot;right&quot;:[&quot;close&quot;]},&quot;enabled&quot;:true},&quot;Carousel&quot;:{&quot;Panzoom&quot;:{&quot;touch&quot;:false},&quot;infinite&quot;:false},&quot;keyboard&quot;:{&quot;Escape&quot;:&quot;close&quot;,&quot;Delete&quot;:&quot;close&quot;,&quot;Backspace&quot;:&quot;close&quot;,&quot;PageUp&quot;:false,&quot;PageDown&quot;:false,&quot;ArrowUp&quot;:false,&quot;ArrowDown&quot;:false,&quot;ArrowRight&quot;:false,&quot;ArrowLeft&quot;:false},&quot;touch&quot;:false,&quot;backdropClick&quot;:false,&quot;l10n&quot;:{&quot;CLOSE&quot;:&quot;Close&quot;,&quot;NEXT&quot;:&quot;Next&quot;,&quot;PREV&quot;:&quot;Previous&quot;,&quot;Error&quot;:&quot;The requested content cannot be loaded. Please try again later.&quot;,&quot;PLAY_START&quot;:&quot;Start slideshow&quot;,&quot;PLAY_STOP&quot;:&quot;Pause slideshow&quot;,&quot;FULL_SCREEN&quot;:&quot;Full screen&quot;,&quot;THUMBS&quot;:&quot;Thumbnails&quot;,&quot;DOWNLOAD&quot;:&quot;Download&quot;,&quot;SHARE&quot;:&quot;Share&quot;,&quot;ZOOM&quot;:&quot;Zoom&quot;,&quot;EMAIL&quot;:&quot;Here is the link to the image : %%image_link%% and this is the link to the gallery : %%gallery_link%%&quot;,&quot;MODAL&quot;:&quot;You can close this modal content with the ESC key&quot;,&quot;ERROR&quot;:&quot;Something Went Wrong, Please Try Again Later&quot;,&quot;IMAGE_ERROR&quot;:&quot;Image Not Found&quot;,&quot;ELEMENT_NOT_FOUND&quot;:&quot;HTML Element Not Found&quot;,&quot;AJAX_NOT_FOUND&quot;:&quot;Error Loading AJAX : Not Found&quot;,&quot;AJAX_FORBIDDEN&quot;:&quot;Error Loading AJAX : Forbidden&quot;,&quot;IFRAME_ERROR&quot;:&quot;Error Loading Page&quot;,&quot;TOGGLE_ZOOM&quot;:&quot;Toggle zoom level&quot;,&quot;TOGGLE_THUMBS&quot;:&quot;Toggle thumbnails&quot;,&quot;TOGGLE_SLIDESHOW&quot;:&quot;Toggle slideshow&quot;,&quot;TOGGLE_FULLSCREEN&quot;:&quot;Toggle full-screen mode&quot;},&quot;Images&quot;:{&quot;Panzoom&quot;:{&quot;maxScale&quot;:2}},&quot;mainClass&quot;:&quot;modula-fancybox-container modula-lightbox-jtg-2022&quot;,&quot;Html&quot;:{&quot;videoAutoplay&quot;:0,&quot;videoTpl&quot;:&quot;&lt;video class=\\&quot;fancybox__html5video\\&quot; controls muted playsinline controlsList controlsList=\\&quot;nodownload\\&quot; poster=\\&quot;{{poster}}\\&quot; src=\\&quot;{{src}}\\&quot; type=\\&quot;{{format}}\\&quot; &gt;  Sorry, your browser doesn&#039;t support embedded videos, &lt;a href=\\&quot;{{src}}\\&quot;&gt; download &lt;\\\/a&gt; and watch with your favorite video player! &lt;\\\/video&gt;&quot;}},&quot;inView&quot;:false,&quot;email_subject&quot;:&quot;Check out this awesome image !!&quot;,&quot;email_message&quot;:&quot;Here is the link to the image : %%image_link%% and this is the link to the gallery : %%gallery_link%%&quot;,&quot;lightbox&quot;:&quot;fancybox&quot;}\">\n\n\t\n\t<!-- Items Container -->\n\t<div  class=\"modula-items\">\n\t\t<div class=\"modula-item\" data-width=\"4\" data-height=\"3\" >\n\t<div class=\"modula-item-content\">\n\t\t\n\t\t\t\t\t<a data-image-id=\"2023\" data-elementor-open-lightbox=\"no\" tabindex=\"0\" rel=\"jtg-2022\" data-caption=\"Durable wallet made with discarded plastic bags\" aria-label=\"Open image in lightbox\" role=\"button\" class=\"tile-inner modula-item-link\"><\/a>\n\t\t\n\t\t<img class=\"pic wp-image-2023 lazyload\"  data-valign=\"middle\" data-halign=\"center\" alt=\"recycled wallet made of discarded plastic bags\" data-full=\"https:\/\/mandalinarossa.com\/wp-content\/uploads\/2022\/03\/cuzdan.jpg\" title=\"multi colored wallet\" width=\"300\" height=\"222\" data-src=\"https:\/\/mandalinarossa.com\/wp-content\/uploads\/2022\/03\/cuzdan-300x222.jpg\" data-caption=\"Durable wallet made with discarded plastic bags\" data-source=\"modula\" data-srcset=\"https:\/\/mandalinarossa.com\/wp-content\/uploads\/2022\/03\/cuzdan.jpg 1280w, https:\/\/mandalinarossa.com\/wp-content\/uploads\/2022\/03\/cuzdan-300x222.jpg 300w, https:\/\/mandalinarossa.com\/wp-content\/uploads\/2022\/03\/cuzdan-1024x759.jpg 1024w, https:\/\/mandalinarossa.com\/wp-content\/uploads\/2022\/03\/cuzdan-768x569.jpg 768w, https:\/\/mandalinarossa.com\/wp-content\/uploads\/2022\/03\/cuzdan-600x445.jpg 600w, https:\/\/mandalinarossa.com\/wp-content\/uploads\/2022\/03\/cuzdan-1140x845.jpg 1140w\" data-sizes=\"(max-width: 300px) 100vw, 300px\" \/>\n\t<\/div>\n\n<\/div><div class=\"modula-item\" data-width=\"4\" data-height=\"3\" >\n\t<div class=\"modula-item-content\">\n\t\t\n\t\t\t\t\t<a data-image-id=\"2024\" data-elementor-open-lightbox=\"no\" tabindex=\"0\" rel=\"jtg-2022\" data-caption=\"\" aria-label=\"Open image in lightbox\" role=\"button\" class=\"tile-inner modula-item-link\"><\/a>\n\t\t\n\t\t<img class=\"pic wp-image-2024 lazyload\"  data-valign=\"middle\" data-halign=\"center\" alt=\"recycled wallet made of discarded plastic bags\" data-full=\"https:\/\/mandalinarossa.com\/wp-content\/uploads\/2022\/03\/cuzdan2.jpg\" title=\"multi colored wallet\" width=\"300\" height=\"231\" data-src=\"https:\/\/mandalinarossa.com\/wp-content\/uploads\/2022\/03\/cuzdan2-300x231.jpg\" data-caption=\"\" data-source=\"modula\" data-srcset=\"https:\/\/mandalinarossa.com\/wp-content\/uploads\/2022\/03\/cuzdan2.jpg 1280w, https:\/\/mandalinarossa.com\/wp-content\/uploads\/2022\/03\/cuzdan2-300x231.jpg 300w, https:\/\/mandalinarossa.com\/wp-content\/uploads\/2022\/03\/cuzdan2-1024x790.jpg 1024w, https:\/\/mandalinarossa.com\/wp-content\/uploads\/2022\/03\/cuzdan2-768x592.jpg 768w, https:\/\/mandalinarossa.com\/wp-content\/uploads\/2022\/03\/cuzdan2-600x463.jpg 600w, https:\/\/mandalinarossa.com\/wp-content\/uploads\/2022\/03\/cuzdan2-1140x879.jpg 1140w\" data-sizes=\"(max-width: 300px) 100vw, 300px\" \/>\n\t<\/div>\n\n<\/div><div class=\"modula-item\" data-width=\"4\" data-height=\"3\" >\n\t<div class=\"modula-item-content\">\n\t\t\n\t\t\t\t\t<a data-image-id=\"2032\" data-elementor-open-lightbox=\"no\" tabindex=\"0\" rel=\"jtg-2022\" data-caption=\"recycled card holder made of discarded plastic bags\" aria-label=\"Open image in lightbox\" role=\"button\" class=\"tile-inner modula-item-link\"><\/a>\n\t\t\n\t\t<img class=\"pic wp-image-2032 lazyload\"  data-valign=\"middle\" data-halign=\"center\" alt=\"recycled card holder made of discarded plastic bags\" data-full=\"https:\/\/mandalinarossa.com\/wp-content\/uploads\/2022\/03\/kartlik3.jpg\" title=\"card holder\" width=\"300\" height=\"204\" data-src=\"https:\/\/mandalinarossa.com\/wp-content\/uploads\/2022\/03\/kartlik3-300x204.jpg\" data-caption=\"recycled card holder made of discarded plastic bags\" data-source=\"modula\" data-srcset=\"https:\/\/mandalinarossa.com\/wp-content\/uploads\/2022\/03\/kartlik3-scaled.jpg 2560w, https:\/\/mandalinarossa.com\/wp-content\/uploads\/2022\/03\/kartlik3-scaled-300x204.jpg 300w, https:\/\/mandalinarossa.com\/wp-content\/uploads\/2022\/03\/kartlik3-1024x697.jpg 1024w, https:\/\/mandalinarossa.com\/wp-content\/uploads\/2022\/03\/kartlik3-768x523.jpg 768w, https:\/\/mandalinarossa.com\/wp-content\/uploads\/2022\/03\/kartlik3-600x408.jpg 600w, https:\/\/mandalinarossa.com\/wp-content\/uploads\/2022\/03\/kartlik3-1536x1046.jpg 1536w, https:\/\/mandalinarossa.com\/wp-content\/uploads\/2022\/03\/kartlik3-2048x1394.jpg 2048w, https:\/\/mandalinarossa.com\/wp-content\/uploads\/2022\/03\/kartlik3-1140x776.jpg 1140w\" data-sizes=\"(max-width: 300px) 100vw, 300px\" \/>\n\t<\/div>\n\n<\/div><div class=\"modula-item\" data-width=\"4\" data-height=\"3\" >\n\t<div class=\"modula-item-content\">\n\t\t\n\t\t\t\t\t<a data-image-id=\"2026\" data-elementor-open-lightbox=\"no\" tabindex=\"0\" rel=\"jtg-2022\" data-caption=\"Fun organizer bag we made using discarded plastic bags and leftover sewing threads.\" aria-label=\"Open image in lightbox\" role=\"button\" class=\"tile-inner modula-item-link\"><\/a>\n\t\t\n\t\t<img class=\"pic wp-image-2026 lazyload\"  data-valign=\"middle\" data-halign=\"center\" alt=\"recycled zipper bag made of discarded plastic bags\" data-full=\"https:\/\/mandalinarossa.com\/wp-content\/uploads\/2022\/03\/DSC08943-copy.jpg\" title=\"Clear zip bag \" width=\"300\" height=\"259\" data-src=\"https:\/\/mandalinarossa.com\/wp-content\/uploads\/2022\/03\/DSC08943-copy-300x259.jpg\" data-caption=\"Fun organizer bag we made using discarded plastic bags and leftover sewing threads.\" data-source=\"modula\" data-srcset=\"https:\/\/mandalinarossa.com\/wp-content\/uploads\/2022\/03\/DSC08943-copy.jpg 1200w, https:\/\/mandalinarossa.com\/wp-content\/uploads\/2022\/03\/DSC08943-copy-300x259.jpg 300w, https:\/\/mandalinarossa.com\/wp-content\/uploads\/2022\/03\/DSC08943-copy-1024x884.jpg 1024w, https:\/\/mandalinarossa.com\/wp-content\/uploads\/2022\/03\/DSC08943-copy-768x663.jpg 768w, https:\/\/mandalinarossa.com\/wp-content\/uploads\/2022\/03\/DSC08943-copy-600x518.jpg 600w, https:\/\/mandalinarossa.com\/wp-content\/uploads\/2022\/03\/DSC08943-copy-1140x984.jpg 1140w\" data-sizes=\"(max-width: 300px) 100vw, 300px\" \/>\n\t<\/div>\n\n<\/div><div class=\"modula-item\" data-width=\"4\" data-height=\"3\" >\n\t<div class=\"modula-item-content\">\n\t\t\n\t\t\t\t\t<a data-image-id=\"2029\" data-elementor-open-lightbox=\"no\" tabindex=\"0\" rel=\"jtg-2022\" data-caption=\"We used different colored plastic bags to create patterns.\" aria-label=\"Open image in lightbox\" role=\"button\" class=\"tile-inner modula-item-link\"><\/a>\n\t\t\n\t\t<img class=\"pic wp-image-2029 lazyload\"  data-valign=\"middle\" data-halign=\"center\" alt=\"recycled zipper bag made of discarded plastic bags\" data-full=\"https:\/\/mandalinarossa.com\/wp-content\/uploads\/2022\/03\/DSC09064-copy.jpg\" title=\"White zipper bag made of discarded plastic bags\" width=\"300\" height=\"230\" data-src=\"https:\/\/mandalinarossa.com\/wp-content\/uploads\/2022\/03\/DSC09064-copy-300x230.jpg\" data-caption=\"We used different colored plastic bags to create patterns.\" data-source=\"modula\" data-srcset=\"https:\/\/mandalinarossa.com\/wp-content\/uploads\/2022\/03\/DSC09064-copy.jpg 1200w, https:\/\/mandalinarossa.com\/wp-content\/uploads\/2022\/03\/DSC09064-copy-300x230.jpg 300w, https:\/\/mandalinarossa.com\/wp-content\/uploads\/2022\/03\/DSC09064-copy-1024x784.jpg 1024w, https:\/\/mandalinarossa.com\/wp-content\/uploads\/2022\/03\/DSC09064-copy-768x588.jpg 768w, https:\/\/mandalinarossa.com\/wp-content\/uploads\/2022\/03\/DSC09064-copy-600x460.jpg 600w, https:\/\/mandalinarossa.com\/wp-content\/uploads\/2022\/03\/DSC09064-copy-1140x873.jpg 1140w\" data-sizes=\"(max-width: 300px) 100vw, 300px\" \/>\n\t<\/div>\n\n<\/div><div class=\"modula-item\" data-width=\"4\" data-height=\"3\" >\n\t<div class=\"modula-item-content\">\n\t\t\n\t\t\t\t\t<a data-image-id=\"2030\" data-elementor-open-lightbox=\"no\" tabindex=\"0\" rel=\"jtg-2022\" data-caption=\"We used parts of different colored plastic bags to create patterns .\" aria-label=\"Open image in lightbox\" role=\"button\" class=\"tile-inner modula-item-link\"><\/a>\n\t\t\n\t\t<img class=\"pic wp-image-2030 lazyload\"  data-valign=\"middle\" data-halign=\"center\" alt=\"recycled organizer bag\" data-full=\"https:\/\/mandalinarossa.com\/wp-content\/uploads\/2022\/03\/DSC09101-copy.jpg\" title=\"Organizer bag made of discarded plastic bags\" width=\"300\" height=\"239\" data-src=\"https:\/\/mandalinarossa.com\/wp-content\/uploads\/2022\/03\/DSC09101-copy-300x239.jpg\" data-caption=\"We used parts of different colored plastic bags to create patterns .\" data-source=\"modula\" data-srcset=\"https:\/\/mandalinarossa.com\/wp-content\/uploads\/2022\/03\/DSC09101-copy.jpg 800w, https:\/\/mandalinarossa.com\/wp-content\/uploads\/2022\/03\/DSC09101-copy-300x239.jpg 300w, https:\/\/mandalinarossa.com\/wp-content\/uploads\/2022\/03\/DSC09101-copy-768x612.jpg 768w, https:\/\/mandalinarossa.com\/wp-content\/uploads\/2022\/03\/DSC09101-copy-600x479.jpg 600w\" data-sizes=\"(max-width: 300px) 100vw, 300px\" \/>\n\t<\/div>\n\n<\/div><div class=\"modula-item\" data-width=\"4\" data-height=\"3\" >\n\t<div class=\"modula-item-content\">\n\t\t\n\t\t\t\t\t<a data-image-id=\"2028\" data-elementor-open-lightbox=\"no\" tabindex=\"0\" rel=\"jtg-2022\" data-caption=\"SONY DSC\" aria-label=\"Open image in lightbox\" role=\"button\" class=\"tile-inner modula-item-link\"><\/a>\n\t\t\n\t\t<img class=\"pic wp-image-2028 lazyload\"  data-valign=\"middle\" data-halign=\"center\" alt=\"\" data-full=\"https:\/\/mandalinarossa.com\/wp-content\/uploads\/2022\/03\/DSC09050-copy.jpg\" title=\"SONY DSC\" width=\"300\" height=\"254\" data-src=\"https:\/\/mandalinarossa.com\/wp-content\/uploads\/2022\/03\/DSC09050-copy-300x254.jpg\" data-caption=\"SONY DSC\" data-source=\"modula\" data-srcset=\"https:\/\/mandalinarossa.com\/wp-content\/uploads\/2022\/03\/DSC09050-copy.jpg 1200w, https:\/\/mandalinarossa.com\/wp-content\/uploads\/2022\/03\/DSC09050-copy-300x254.jpg 300w, https:\/\/mandalinarossa.com\/wp-content\/uploads\/2022\/03\/DSC09050-copy-1024x865.jpg 1024w, https:\/\/mandalinarossa.com\/wp-content\/uploads\/2022\/03\/DSC09050-copy-768x649.jpg 768w, https:\/\/mandalinarossa.com\/wp-content\/uploads\/2022\/03\/DSC09050-copy-600x507.jpg 600w, https:\/\/mandalinarossa.com\/wp-content\/uploads\/2022\/03\/DSC09050-copy-1140x963.jpg 1140w\" data-sizes=\"(max-width: 300px) 100vw, 300px\" \/>\n\t<\/div>\n\n<\/div><div class=\"modula-item\" data-width=\"4\" data-height=\"3\" >\n\t<div class=\"modula-item-content\">\n\t\t\n\t\t\t\t\t<a data-image-id=\"2031\" data-elementor-open-lightbox=\"no\" tabindex=\"0\" rel=\"jtg-2022\" data-caption=\"\" aria-label=\"Open image in lightbox\" role=\"button\" class=\"tile-inner modula-item-link\"><\/a>\n\t\t\n\t\t<img class=\"pic wp-image-2031 lazyload\"  data-valign=\"middle\" data-halign=\"center\" alt=\"\" data-full=\"https:\/\/mandalinarossa.com\/wp-content\/uploads\/2022\/03\/kalemlik.jpg\" title=\"kalemlik\" width=\"300\" height=\"228\" data-src=\"https:\/\/mandalinarossa.com\/wp-content\/uploads\/2022\/03\/kalemlik-300x228.jpg\" data-caption=\"\" data-source=\"modula\" data-srcset=\"https:\/\/mandalinarossa.com\/wp-content\/uploads\/2022\/03\/kalemlik.jpg 1280w, https:\/\/mandalinarossa.com\/wp-content\/uploads\/2022\/03\/kalemlik-300x228.jpg 300w, https:\/\/mandalinarossa.com\/wp-content\/uploads\/2022\/03\/kalemlik-1024x778.jpg 1024w, https:\/\/mandalinarossa.com\/wp-content\/uploads\/2022\/03\/kalemlik-768x583.jpg 768w, https:\/\/mandalinarossa.com\/wp-content\/uploads\/2022\/03\/kalemlik-600x456.jpg 600w, https:\/\/mandalinarossa.com\/wp-content\/uploads\/2022\/03\/kalemlik-1140x866.jpg 1140w\" data-sizes=\"(max-width: 300px) 100vw, 300px\" \/>\n\t<\/div>\n\n<\/div><div class=\"modula-item\" data-width=\"4\" data-height=\"3\" >\n\t<div class=\"modula-item-content\">\n\t\t\n\t\t\t\t\t<a data-image-id=\"2025\" data-elementor-open-lightbox=\"no\" tabindex=\"0\" rel=\"jtg-2022\" data-caption=\"SONY DSC\" aria-label=\"Open image in lightbox\" role=\"button\" class=\"tile-inner modula-item-link\"><\/a>\n\t\t\n\t\t<img class=\"pic wp-image-2025 lazyload\"  data-valign=\"middle\" data-halign=\"center\" alt=\"\" data-full=\"https:\/\/mandalinarossa.com\/wp-content\/uploads\/2022\/03\/DSC08935-copy.jpg\" title=\"SONY DSC\" width=\"300\" height=\"225\" data-src=\"https:\/\/mandalinarossa.com\/wp-content\/uploads\/2022\/03\/DSC08935-copy-300x225.jpg\" data-caption=\"SONY DSC\" data-source=\"modula\" data-srcset=\"https:\/\/mandalinarossa.com\/wp-content\/uploads\/2022\/03\/DSC08935-copy.jpg 2476w, https:\/\/mandalinarossa.com\/wp-content\/uploads\/2022\/03\/DSC08935-copy-300x225.jpg 300w, https:\/\/mandalinarossa.com\/wp-content\/uploads\/2022\/03\/DSC08935-copy-1024x769.jpg 1024w, https:\/\/mandalinarossa.com\/wp-content\/uploads\/2022\/03\/DSC08935-copy-768x577.jpg 768w, https:\/\/mandalinarossa.com\/wp-content\/uploads\/2022\/03\/DSC08935-copy-600x451.jpg 600w, https:\/\/mandalinarossa.com\/wp-content\/uploads\/2022\/03\/DSC08935-copy-1536x1154.jpg 1536w, https:\/\/mandalinarossa.com\/wp-content\/uploads\/2022\/03\/DSC08935-copy-2048x1538.jpg 2048w, https:\/\/mandalinarossa.com\/wp-content\/uploads\/2022\/03\/DSC08935-copy-1140x856.jpg 1140w\" data-sizes=\"(max-width: 300px) 100vw, 300px\" \/>\n\t<\/div>\n\n<\/div><div class=\"modula-item\" data-width=\"4\" data-height=\"3\" >\n\t<div class=\"modula-item-content\">\n\t\t\n\t\t\t\t\t<a data-image-id=\"2027\" data-elementor-open-lightbox=\"no\" tabindex=\"0\" rel=\"jtg-2022\" data-caption=\"SONY DSC\" aria-label=\"Open image in lightbox\" role=\"button\" class=\"tile-inner modula-item-link\"><\/a>\n\t\t\n\t\t<img class=\"pic wp-image-2027 lazyload\"  data-valign=\"middle\" data-halign=\"center\" alt=\"\" data-full=\"https:\/\/mandalinarossa.com\/wp-content\/uploads\/2022\/03\/DSC08975-copy.jpg\" title=\"SONY DSC\" width=\"300\" height=\"298\" data-src=\"https:\/\/mandalinarossa.com\/wp-content\/uploads\/2022\/03\/DSC08975-copy-300x298.jpg\" data-caption=\"SONY DSC\" data-source=\"modula\" data-srcset=\"https:\/\/mandalinarossa.com\/wp-content\/uploads\/2022\/03\/DSC08975-copy.jpg 1200w, https:\/\/mandalinarossa.com\/wp-content\/uploads\/2022\/03\/DSC08975-copy-300x298.jpg 300w, https:\/\/mandalinarossa.com\/wp-content\/uploads\/2022\/03\/DSC08975-copy-1024x1018.jpg 1024w, https:\/\/mandalinarossa.com\/wp-content\/uploads\/2022\/03\/DSC08975-copy-150x150.jpg 150w, https:\/\/mandalinarossa.com\/wp-content\/uploads\/2022\/03\/DSC08975-copy-768x764.jpg 768w, https:\/\/mandalinarossa.com\/wp-content\/uploads\/2022\/03\/DSC08975-copy-600x597.jpg 600w, https:\/\/mandalinarossa.com\/wp-content\/uploads\/2022\/03\/DSC08975-copy-1140x1133.jpg 1140w, https:\/\/mandalinarossa.com\/wp-content\/uploads\/2022\/03\/DSC08975-copy-75x75.jpg 75w, https:\/\/mandalinarossa.com\/wp-content\/uploads\/2022\/03\/DSC08975-copy-100x100.jpg 100w\" data-sizes=\"(max-width: 300px) 100vw, 300px\" \/>\n\t<\/div>\n\n<\/div><div class=\"modula-item\" data-width=\"4\" data-height=\"3\" >\n\t<div class=\"modula-item-content\">\n\t\t\n\t\t\t\t\t<a data-image-id=\"2035\" data-elementor-open-lightbox=\"no\" tabindex=\"0\" rel=\"jtg-2022\" data-caption=\"SONY DSC\" aria-label=\"Open image in lightbox\" role=\"button\" class=\"tile-inner modula-item-link\"><\/a>\n\t\t\n\t\t<img class=\"pic wp-image-2035 lazyload\"  data-valign=\"middle\" data-halign=\"center\" alt=\"\" data-full=\"https:\/\/mandalinarossa.com\/wp-content\/uploads\/2022\/03\/straw2.jpg\" title=\"SONY DSC\" width=\"300\" height=\"244\" data-src=\"https:\/\/mandalinarossa.com\/wp-content\/uploads\/2022\/03\/straw2-300x244.jpg\" data-caption=\"SONY DSC\" data-source=\"modula\" data-srcset=\"https:\/\/mandalinarossa.com\/wp-content\/uploads\/2022\/03\/straw2.jpg 1200w, https:\/\/mandalinarossa.com\/wp-content\/uploads\/2022\/03\/straw2-300x244.jpg 300w, https:\/\/mandalinarossa.com\/wp-content\/uploads\/2022\/03\/straw2-1024x834.jpg 1024w, https:\/\/mandalinarossa.com\/wp-content\/uploads\/2022\/03\/straw2-768x625.jpg 768w, https:\/\/mandalinarossa.com\/wp-content\/uploads\/2022\/03\/straw2-600x489.jpg 600w, https:\/\/mandalinarossa.com\/wp-content\/uploads\/2022\/03\/straw2-1140x928.jpg 1140w\" data-sizes=\"(max-width: 300px) 100vw, 300px\" \/>\n\t<\/div>\n\n<\/div><div class=\"modula-item\" data-width=\"4\" data-height=\"3\" >\n\t<div class=\"modula-item-content\">\n\t\t\n\t\t\t\t\t<a data-image-id=\"2033\" data-elementor-open-lightbox=\"no\" tabindex=\"0\" rel=\"jtg-2022\" data-caption=\"SONY DSC\" aria-label=\"Open image in lightbox\" role=\"button\" class=\"tile-inner modula-item-link\"><\/a>\n\t\t\n\t\t<img class=\"pic wp-image-2033 lazyload\"  data-valign=\"middle\" data-halign=\"center\" alt=\"\" data-full=\"https:\/\/mandalinarossa.com\/wp-content\/uploads\/2022\/03\/kupeturuncu.jpg\" title=\"SONY DSC\" width=\"300\" height=\"230\" data-src=\"https:\/\/mandalinarossa.com\/wp-content\/uploads\/2022\/03\/kupeturuncu-300x230.jpg\" data-caption=\"SONY DSC\" data-source=\"modula\" data-srcset=\"https:\/\/mandalinarossa.com\/wp-content\/uploads\/2022\/03\/kupeturuncu.jpg 1200w, https:\/\/mandalinarossa.com\/wp-content\/uploads\/2022\/03\/kupeturuncu-300x230.jpg 300w, https:\/\/mandalinarossa.com\/wp-content\/uploads\/2022\/03\/kupeturuncu-1024x783.jpg 1024w, https:\/\/mandalinarossa.com\/wp-content\/uploads\/2022\/03\/kupeturuncu-768x588.jpg 768w, https:\/\/mandalinarossa.com\/wp-content\/uploads\/2022\/03\/kupeturuncu-600x459.jpg 600w, https:\/\/mandalinarossa.com\/wp-content\/uploads\/2022\/03\/kupeturuncu-1140x872.jpg 1140w\" data-sizes=\"(max-width: 300px) 100vw, 300px\" \/>\n\t<\/div>\n\n<\/div><div class=\"modula-item\" data-width=\"4\" data-height=\"3\" >\n\t<div class=\"modula-item-content\">\n\t\t\n\t\t\t\t\t<a data-image-id=\"2034\" data-elementor-open-lightbox=\"no\" tabindex=\"0\" rel=\"jtg-2022\" data-caption=\"SONY DSC\" aria-label=\"Open image in lightbox\" role=\"button\" class=\"tile-inner modula-item-link\"><\/a>\n\t\t\n\t\t<img class=\"pic wp-image-2034 lazyload\"  data-valign=\"middle\" data-halign=\"center\" alt=\"\" data-full=\"https:\/\/mandalinarossa.com\/wp-content\/uploads\/2022\/03\/plastikterlik.jpg\" title=\"SONY DSC\" width=\"300\" height=\"213\" data-src=\"https:\/\/mandalinarossa.com\/wp-content\/uploads\/2022\/03\/plastikterlik-300x213.jpg\" data-caption=\"SONY DSC\" data-source=\"modula\" data-srcset=\"https:\/\/mandalinarossa.com\/wp-content\/uploads\/2022\/03\/plastikterlik.jpg 1200w, https:\/\/mandalinarossa.com\/wp-content\/uploads\/2022\/03\/plastikterlik-300x213.jpg 300w, https:\/\/mandalinarossa.com\/wp-content\/uploads\/2022\/03\/plastikterlik-1024x725.jpg 1024w, https:\/\/mandalinarossa.com\/wp-content\/uploads\/2022\/03\/plastikterlik-768x544.jpg 768w, https:\/\/mandalinarossa.com\/wp-content\/uploads\/2022\/03\/plastikterlik-600x425.jpg 600w, https:\/\/mandalinarossa.com\/wp-content\/uploads\/2022\/03\/plastikterlik-1140x808.jpg 1140w\" data-sizes=\"(max-width: 300px) 100vw, 300px\" \/>\n\t<\/div>\n\n<\/div>\t\t\n\t<\/div>\n\n\t\n\t\n\t<script type=\"application\/ld+json\">\n\t{\n\t\t\"@context\": \"http:\/\/schema.org\",\n\t\t\"@type\"   : \"ImageGallery\",\n\t\t\"id\"      : \"https:\/\/mandalinarossa.com\/?page_id=2414&#038;lang=tr\/\",\n\t\t\"url\"     : \"https:\/\/mandalinarossa.com\/?page_id=2414&#038;lang=tr\/\"\n\t}\n\n\t<\/script>\n\n\t\n<\/div>","protected":false},"excerpt":{"rendered":"<p>2017 senesinde Tayland&#8217;da, bir sivil toplum kurulu\u015fu i\u00e7in geli\u015ftirdi\u011fimiz geri d\u00f6n\u00fc\u015f\u00fcm projesi kapsam\u0131nda at\u0131k plastik torbalar\u0131 kullanarak tasarlay\u0131p \u00fcretti\u011fimiz \u00e7antalar ve aksesuarlar.<\/p>\n","protected":false},"author":2,"featured_media":0,"parent":0,"menu_order":0,"comment_status":"closed","ping_status":"closed","template":"","meta":{"_eb_attr":"","footnotes":""},"class_list":["post-2414","page","type-page","status-publish","hentry"],"_links":{"self":[{"href":"https:\/\/mandalinarossa.com\/index.php?rest_route=\/wp\/v2\/pages\/2414","targetHints":{"allow":["GET"]}}],"collection":[{"href":"https:\/\/mandalinarossa.com\/index.php?rest_route=\/wp\/v2\/pages"}],"about":[{"href":"https:\/\/mandalinarossa.com\/index.php?rest_route=\/wp\/v2\/types\/page"}],"author":[{"embeddable":true,"href":"https:\/\/mandalinarossa.com\/index.php?rest_route=\/wp\/v2\/users\/2"}],"replies":[{"embeddable":true,"href":"https:\/\/mandalinarossa.com\/index.php?rest_route=%2Fwp%2Fv2%2Fcomments&post=2414"}],"version-history":[{"count":4,"href":"https:\/\/mandalinarossa.com\/index.php?rest_route=\/wp\/v2\/pages\/2414\/revisions"}],"predecessor-version":[{"id":2751,"href":"https:\/\/mandalinarossa.com\/index.php?rest_route=\/wp\/v2\/pages\/2414\/revisions\/2751"}],"wp:attachment":[{"href":"https:\/\/mandalinarossa.com\/index.php?rest_route=%2Fwp%2Fv2%2Fmedia&parent=2414"}],"curies":[{"name":"wp","href":"https:\/\/api.w.org\/{rel}","templated":true}]}}