{"id":2224,"date":"2022-03-26T16:44:46","date_gmt":"2022-03-26T16:44:46","guid":{"rendered":"https:\/\/blog.mandalinarossa.com\/?page_id=2224"},"modified":"2022-03-26T16:53:14","modified_gmt":"2022-03-26T16:53:14","slug":"fermente-gazozlar","status":"publish","type":"page","link":"https:\/\/mandalinarossa.com\/?page_id=2224&lang=tr","title":{"rendered":"Fermente Gazozlar"},"content":{"rendered":"\t\t<div data-elementor-type=\"wp-page\" data-elementor-id=\"2224\" class=\"elementor elementor-2224\">\n\t\t\t\t\t\t\t\t\t<section class=\"elementor-section elementor-top-section elementor-element elementor-element-2d7ed8a elementor-section-boxed elementor-section-height-default elementor-section-height-default wpr-particle-no wpr-jarallax-no wpr-parallax-no wpr-sticky-section-no\" data-id=\"2d7ed8a\" data-element_type=\"section\">\n\t\t\t\t\t\t<div class=\"elementor-container elementor-column-gap-default\">\n\t\t\t\t\t<div class=\"elementor-column elementor-col-100 elementor-top-column elementor-element elementor-element-39a0175\" data-id=\"39a0175\" data-element_type=\"column\">\n\t\t\t<div class=\"elementor-widget-wrap elementor-element-populated\">\n\t\t\t\t\t\t\t\t<div class=\"elementor-element elementor-element-aa474dd elementor-widget elementor-widget-text-editor\" data-id=\"aa474dd\" data-element_type=\"widget\" data-widget_type=\"text-editor.default\">\n\t\t\t\t<div class=\"elementor-widget-container\">\n\t\t\t<style>\/*! elementor - v3.6.7 - 03-07-2022 *\/\n.elementor-widget-text-editor.elementor-drop-cap-view-stacked .elementor-drop-cap{background-color:#818a91;color:#fff}.elementor-widget-text-editor.elementor-drop-cap-view-framed .elementor-drop-cap{color:#818a91;border:3px solid;background-color:transparent}.elementor-widget-text-editor:not(.elementor-drop-cap-view-default) .elementor-drop-cap{margin-top:8px}.elementor-widget-text-editor:not(.elementor-drop-cap-view-default) .elementor-drop-cap-letter{width:1em;height:1em}.elementor-widget-text-editor .elementor-drop-cap{float:left;text-align:center;line-height:1;font-size:50px}.elementor-widget-text-editor .elementor-drop-cap-letter{display:inline-block}<\/style>\t\t\t\t<p>Cunda Adas\u0131&#8217;nda ya\u015farken yabani bitkiler ve \u00e7i\u00e7eklerle yapmaya ba\u015flad\u0131\u011f\u0131m fermente gazozlar.<\/p><p>Sabah\u0131n serinli\u011finde,sepetimi al\u0131p , mevisimine g\u00f6re hindiba veya karahindiba \u00e7i\u00e7ekleri,tazecik \u00e7am i\u011fneleri ve hay\u0131t tohumlar\u0131 toplamaya \u00e7\u0131k\u0131yordum. Bazen yabani mayalar\u0131,bazen de zencefilden yapt\u0131\u011f\u0131m mayay\u0131, limonlar\u0131 ve pekmezi ekleyip, \u00e7i\u00e7ekleri,bitkileri mayalanmaya b\u0131rak\u0131yordum.<\/p><p>\u00c7evre bitki \u00f6rt\u00fcs\u00fcn\u00fc gazozlamak pek zevkliydi!<\/p><p>Gazozlara G\u00fcnd\u00fcz D\u00fc\u015f\u00fc ismini verdik ve bir yaz boyunca Ayna restorana \u015fi\u015fe \u015fi\u015fe yapt\u0131k.<\/p><p><div id=\"envira-gallery-wrap-2206\" class=\"envira-gallery-wrap envira-gallery-theme-base envira-lightbox-theme-base\" itemscope itemtype=\"https:\/\/schema.org\/ImageGallery\"><div data-row-height=\"\" data-gallery-theme=\"\" id=\"envira-gallery-2206\" class=\"envira-gallery-public  envira-gallery-2-columns envira-clear enviratope envira-gallery-css-animations\" data-envira-columns=\"2\"><div id=\"envira-gallery-item-2216\" class=\"envira-gallery-item enviratope-item envira-gallery-item-1 envira-lazy-load\" style=\"padding-left: 0px; padding-bottom: 0px; padding-right: 0px;\"  itemscope itemtype=\"https:\/\/schema.org\/ImageObject\"><div class=\"envira-gallery-item-inner\"><div class=\"envira-gallery-position-overlay  envira-gallery-top-left\"><\/div><div class=\"envira-gallery-position-overlay  envira-gallery-top-right\"><\/div><div class=\"envira-gallery-position-overlay  envira-gallery-bottom-left\"><\/div><div class=\"envira-gallery-position-overlay  envira-gallery-bottom-right\"><\/div><a href=\"https:\/\/blog.mandalinarossa.com\/wp-content\/uploads\/2022\/03\/gazoz.jpg\" class=\"envira-gallery-2206 envira-gallery-link\" rel=\"enviragallery2206\" title=\"Fermented Sodas\" data-envira-caption=\"Fermented Sodas\" data-envira-retina=\"\" data-thumbnail=\"\"  itemprop=\"contentUrl\"><div class=\"envira-lazy\" data-test-width=\"640\" data-test-height=\"480\" style=\"padding-bottom:75%;\"><img decoding=\"async\" id=\"envira-gallery-image-2216\" class=\"envira-gallery-image envira-gallery-image-1\" data-envira-index=\"1\" src=\"https:\/\/mandalinarossa.com\/wp-content\/uploads\/2022\/03\/gazoz-500x330.jpg\" data-envira-src=\"https:\/\/mandalinarossa.com\/wp-content\/uploads\/2022\/03\/gazoz-500x330.jpg\" data-envira-gallery-id=\"2206\" data-envira-item-id=\"2216\" data-envira-caption=\"Fermented Sodas\" alt=\"fermented wild herbal sodas\" title=\"Fermented Sodas\"  itemprop=\"thumbnailUrl\" data-envira-srcset=\"https:\/\/mandalinarossa.com\/wp-content\/uploads\/2022\/03\/gazoz-500x330.jpg 400w,https:\/\/mandalinarossa.com\/wp-content\/uploads\/2022\/03\/gazoz-500x330.jpg 2x\" srcset=\"data:image\/gif;base64,R0lGODlhAQABAIAAAP\/\/\/\/\/\/\/yH5BAEKAAEALAAAAAABAAEAAAICTAEAOw==\" \/><\/div><\/a><\/div><\/div><div id=\"envira-gallery-item-2204\" class=\"envira-gallery-item enviratope-item envira-gallery-item-2 envira-lazy-load\" style=\"padding-left: 0px; padding-bottom: 0px; padding-right: 0px;\"  itemscope itemtype=\"https:\/\/schema.org\/ImageObject\"><div class=\"envira-gallery-item-inner\"><div class=\"envira-gallery-position-overlay  envira-gallery-top-left\"><\/div><div class=\"envira-gallery-position-overlay  envira-gallery-top-right\"><\/div><div class=\"envira-gallery-position-overlay  envira-gallery-bottom-left\"><\/div><div class=\"envira-gallery-position-overlay  envira-gallery-bottom-right\"><\/div><a href=\"https:\/\/blog.mandalinarossa.com\/wp-content\/uploads\/2022\/03\/hindiba-chicory2-scaled.jpg\" class=\"envira-gallery-2206 envira-gallery-link\" rel=\"enviragallery2206\" title=\"Chicory flowers\" data-envira-caption=\"Chicory flowers\" data-envira-retina=\"\" data-thumbnail=\"\"  itemprop=\"contentUrl\"><div class=\"envira-lazy\" data-test-width=\"640\" data-test-height=\"480\" style=\"padding-bottom:75%;\"><img decoding=\"async\" id=\"envira-gallery-image-2204\" class=\"envira-gallery-image envira-gallery-image-2\" data-envira-index=\"2\" src=\"https:\/\/mandalinarossa.com\/wp-content\/uploads\/2022\/03\/hindiba-chicory2-500x330.jpg\" data-envira-src=\"https:\/\/mandalinarossa.com\/wp-content\/uploads\/2022\/03\/hindiba-chicory2-500x330.jpg\" data-envira-gallery-id=\"2206\" data-envira-item-id=\"2204\" data-envira-caption=\"Chicory flowers\" alt=\"\" title=\"Chicory flowers\"  itemprop=\"thumbnailUrl\" data-envira-srcset=\"https:\/\/mandalinarossa.com\/wp-content\/uploads\/2022\/03\/hindiba-chicory2-500x330.jpg 400w,https:\/\/mandalinarossa.com\/wp-content\/uploads\/2022\/03\/hindiba-chicory2-500x330.jpg 2x\" srcset=\"data:image\/gif;base64,R0lGODlhAQABAIAAAP\/\/\/\/\/\/\/yH5BAEKAAEALAAAAAABAAEAAAICTAEAOw==\" \/><\/div><\/a><\/div><\/div><div id=\"envira-gallery-item-2203\" class=\"envira-gallery-item enviratope-item envira-gallery-item-3 envira-lazy-load\" style=\"padding-left: 0px; padding-bottom: 0px; padding-right: 0px;\"  itemscope itemtype=\"https:\/\/schema.org\/ImageObject\"><div class=\"envira-gallery-item-inner\"><div class=\"envira-gallery-position-overlay  envira-gallery-top-left\"><\/div><div class=\"envira-gallery-position-overlay  envira-gallery-top-right\"><\/div><div class=\"envira-gallery-position-overlay  envira-gallery-bottom-left\"><\/div><div class=\"envira-gallery-position-overlay  envira-gallery-bottom-right\"><\/div><a href=\"https:\/\/blog.mandalinarossa.com\/wp-content\/uploads\/2022\/03\/hindiba-chicory-scaled.jpg\" class=\"envira-gallery-2206 envira-gallery-link\" rel=\"enviragallery2206\" title=\"chicory flower soda fermenting\" data-envira-caption=\"chicory flower soda fermenting\" data-envira-retina=\"\" data-thumbnail=\"\"  itemprop=\"contentUrl\"><div class=\"envira-lazy\" data-test-width=\"640\" data-test-height=\"480\" style=\"padding-bottom:75%;\"><img decoding=\"async\" id=\"envira-gallery-image-2203\" class=\"envira-gallery-image envira-gallery-image-3\" data-envira-index=\"3\" src=\"https:\/\/mandalinarossa.com\/wp-content\/uploads\/2022\/03\/hindiba-chicory-500x330.jpg\" data-envira-src=\"https:\/\/mandalinarossa.com\/wp-content\/uploads\/2022\/03\/hindiba-chicory-500x330.jpg\" data-envira-gallery-id=\"2206\" data-envira-item-id=\"2203\" data-envira-caption=\"chicory flower soda fermenting\" alt=\"chicory flower soda fermenting\" title=\"chicory flower soda fermenting\"  itemprop=\"thumbnailUrl\" data-envira-srcset=\"https:\/\/mandalinarossa.com\/wp-content\/uploads\/2022\/03\/hindiba-chicory-500x330.jpg 400w,https:\/\/mandalinarossa.com\/wp-content\/uploads\/2022\/03\/hindiba-chicory-500x330.jpg 2x\" srcset=\"data:image\/gif;base64,R0lGODlhAQABAIAAAP\/\/\/\/\/\/\/yH5BAEKAAEALAAAAAABAAEAAAICTAEAOw==\" \/><\/div><\/a><\/div><\/div><div id=\"envira-gallery-item-2205\" class=\"envira-gallery-item enviratope-item envira-gallery-item-4 envira-lazy-load\" style=\"padding-left: 0px; padding-bottom: 0px; padding-right: 0px;\"  itemscope itemtype=\"https:\/\/schema.org\/ImageObject\"><div class=\"envira-gallery-item-inner\"><div class=\"envira-gallery-position-overlay  envira-gallery-top-left\"><\/div><div class=\"envira-gallery-position-overlay  envira-gallery-top-right\"><\/div><div class=\"envira-gallery-position-overlay  envira-gallery-bottom-left\"><\/div><div class=\"envira-gallery-position-overlay  envira-gallery-bottom-right\"><\/div><a href=\"https:\/\/blog.mandalinarossa.com\/wp-content\/uploads\/2022\/03\/karahindibagazozu-scaled.jpg\" class=\"envira-gallery-2206 envira-gallery-link\" rel=\"enviragallery2206\" title=\"dandelion flower soda fermenting\" data-envira-caption=\"dandelion flower soda fermenting\" data-envira-retina=\"\" data-thumbnail=\"\"  itemprop=\"contentUrl\"><div class=\"envira-lazy\" data-test-width=\"640\" data-test-height=\"480\" style=\"padding-bottom:75%;\"><img decoding=\"async\" id=\"envira-gallery-image-2205\" class=\"envira-gallery-image envira-gallery-image-4\" data-envira-index=\"4\" src=\"https:\/\/mandalinarossa.com\/wp-content\/uploads\/2022\/03\/karahindibagazozu-500x330.jpg\" data-envira-src=\"https:\/\/mandalinarossa.com\/wp-content\/uploads\/2022\/03\/karahindibagazozu-500x330.jpg\" data-envira-gallery-id=\"2206\" data-envira-item-id=\"2205\" data-envira-caption=\"dandelion flower soda fermenting\" alt=\"chicory flower soda fermenting\" title=\"dandelion flower soda fermenting\"  itemprop=\"thumbnailUrl\" data-envira-srcset=\"https:\/\/mandalinarossa.com\/wp-content\/uploads\/2022\/03\/karahindibagazozu-500x330.jpg 400w,https:\/\/mandalinarossa.com\/wp-content\/uploads\/2022\/03\/karahindibagazozu-500x330.jpg 2x\" srcset=\"data:image\/gif;base64,R0lGODlhAQABAIAAAP\/\/\/\/\/\/\/yH5BAEKAAEALAAAAAABAAEAAAICTAEAOw==\" \/><\/div><\/a><\/div><\/div><div id=\"envira-gallery-item-2218\" class=\"envira-gallery-item enviratope-item envira-gallery-item-5 envira-lazy-load\" style=\"padding-left: 0px; padding-bottom: 0px; padding-right: 0px;\"  itemscope itemtype=\"https:\/\/schema.org\/ImageObject\"><div class=\"envira-gallery-item-inner\"><div class=\"envira-gallery-position-overlay  envira-gallery-top-left\"><\/div><div class=\"envira-gallery-position-overlay  envira-gallery-top-right\"><\/div><div class=\"envira-gallery-position-overlay  envira-gallery-bottom-left\"><\/div><div class=\"envira-gallery-position-overlay  envira-gallery-bottom-right\"><\/div><a href=\"https:\/\/blog.mandalinarossa.com\/wp-content\/uploads\/2022\/03\/hayittabak.jpg\" class=\"envira-gallery-2206 envira-gallery-link\" rel=\"enviragallery2206\" title=\"chasteberries,cinnamon and dried orange rinds\" data-envira-caption=\"chasteberries,cinnamon and dried orange rinds\" data-envira-retina=\"\" data-thumbnail=\"\"  itemprop=\"contentUrl\"><div class=\"envira-lazy\" data-test-width=\"640\" data-test-height=\"480\" style=\"padding-bottom:75%;\"><img decoding=\"async\" id=\"envira-gallery-image-2218\" class=\"envira-gallery-image envira-gallery-image-5\" data-envira-index=\"5\" src=\"https:\/\/mandalinarossa.com\/wp-content\/uploads\/2022\/03\/hayittabak-500x330.jpg\" data-envira-src=\"https:\/\/mandalinarossa.com\/wp-content\/uploads\/2022\/03\/hayittabak-500x330.jpg\" data-envira-gallery-id=\"2206\" data-envira-item-id=\"2218\" data-envira-caption=\"chasteberries,cinnamon and dried orange rinds\" alt=\"\" title=\"chasteberries,cinnamon and dried orange rinds\"  itemprop=\"thumbnailUrl\" data-envira-srcset=\"https:\/\/mandalinarossa.com\/wp-content\/uploads\/2022\/03\/hayittabak-500x330.jpg 400w,https:\/\/mandalinarossa.com\/wp-content\/uploads\/2022\/03\/hayittabak-500x330.jpg 2x\" srcset=\"data:image\/gif;base64,R0lGODlhAQABAIAAAP\/\/\/\/\/\/\/yH5BAEKAAEALAAAAAABAAEAAAICTAEAOw==\" \/><\/div><\/a><\/div><\/div><div id=\"envira-gallery-item-2217\" class=\"envira-gallery-item enviratope-item envira-gallery-item-6 envira-lazy-load\" style=\"padding-left: 0px; padding-bottom: 0px; padding-right: 0px;\"  itemscope itemtype=\"https:\/\/schema.org\/ImageObject\"><div class=\"envira-gallery-item-inner\"><div class=\"envira-gallery-position-overlay  envira-gallery-top-left\"><\/div><div class=\"envira-gallery-position-overlay  envira-gallery-top-right\"><\/div><div class=\"envira-gallery-position-overlay  envira-gallery-bottom-left\"><\/div><div class=\"envira-gallery-position-overlay  envira-gallery-bottom-right\"><\/div><a href=\"https:\/\/blog.mandalinarossa.com\/wp-content\/uploads\/2022\/03\/hayit.jpg\" class=\"envira-gallery-2206 envira-gallery-link\" rel=\"enviragallery2206\" title=\"chasteberry soda fermenting\" data-envira-caption=\"chasteberry soda fermenting\" data-envira-retina=\"\" data-thumbnail=\"\"  itemprop=\"contentUrl\"><div class=\"envira-lazy\" data-test-width=\"640\" data-test-height=\"480\" style=\"padding-bottom:75%;\"><img decoding=\"async\" id=\"envira-gallery-image-2217\" class=\"envira-gallery-image envira-gallery-image-6\" data-envira-index=\"6\" src=\"https:\/\/mandalinarossa.com\/wp-content\/uploads\/2022\/03\/hayit-500x330.jpg\" data-envira-src=\"https:\/\/mandalinarossa.com\/wp-content\/uploads\/2022\/03\/hayit-500x330.jpg\" data-envira-gallery-id=\"2206\" data-envira-item-id=\"2217\" data-envira-caption=\"chasteberry soda fermenting\" alt=\"chasteberry soda fermenting\" title=\"chasteberry soda fermenting\"  itemprop=\"thumbnailUrl\" data-envira-srcset=\"https:\/\/mandalinarossa.com\/wp-content\/uploads\/2022\/03\/hayit-500x330.jpg 400w,https:\/\/mandalinarossa.com\/wp-content\/uploads\/2022\/03\/hayit-500x330.jpg 2x\" srcset=\"data:image\/gif;base64,R0lGODlhAQABAIAAAP\/\/\/\/\/\/\/yH5BAEKAAEALAAAAAABAAEAAAICTAEAOw==\" \/><\/div><\/a><\/div><\/div><\/div><\/div><noscript><img decoding=\"async\" src=\"https:\/\/mandalinarossa.com\/wp-content\/uploads\/2022\/03\/gazoz.jpg\" alt=\"fermented wild herbal sodas\" \/><img decoding=\"async\" src=\"https:\/\/mandalinarossa.com\/wp-content\/uploads\/2022\/03\/hindiba-chicory2-scaled.jpg\" alt=\"\" \/><img decoding=\"async\" src=\"https:\/\/mandalinarossa.com\/wp-content\/uploads\/2022\/03\/hindiba-chicory-scaled.jpg\" alt=\"chicory flower soda fermenting\" \/><img decoding=\"async\" src=\"https:\/\/mandalinarossa.com\/wp-content\/uploads\/2022\/03\/karahindibagazozu-scaled.jpg\" alt=\"chicory flower soda fermenting\" \/><img decoding=\"async\" src=\"https:\/\/mandalinarossa.com\/wp-content\/uploads\/2022\/03\/hayittabak.jpg\" alt=\"\" \/><img decoding=\"async\" src=\"https:\/\/mandalinarossa.com\/wp-content\/uploads\/2022\/03\/hayit.jpg\" alt=\"chasteberry soda fermenting\" \/><\/noscript><\/p>\t\t\t\t\t\t<\/div>\n\t\t\t\t<\/div>\n\t\t\t\t\t<\/div>\n\t\t<\/div>\n\t\t\t\t\t\t\t<\/div>\n\t\t<\/section>\n\t\t\t\t\t\t\t<\/div>\n\t\t","protected":false},"excerpt":{"rendered":"<p>Cunda Adas\u0131&#8217;nda ya\u015farken yabani bitkiler ve \u00e7i\u00e7eklerle yapmaya ba\u015flad\u0131\u011f\u0131m fermente gazozlar. Sabah\u0131n serinli\u011finde,sepetimi al\u0131p , mevisimine g\u00f6re hindiba veya karahindiba \u00e7i\u00e7ekleri,tazecik \u00e7am i\u011fneleri ve hay\u0131t tohumlar\u0131 toplamaya \u00e7\u0131k\u0131yordum. Bazen yabani mayalar\u0131,bazen de zencefilden yapt\u0131\u011f\u0131m mayay\u0131, limonlar\u0131 ve pekmezi ekleyip, \u00e7i\u00e7ekleri,bitkileri mayalanmaya b\u0131rak\u0131yordum. \u00c7evre bitki \u00f6rt\u00fcs\u00fcn\u00fc gazozlamak pek zevkliydi! Gazozlara G\u00fcnd\u00fcz D\u00fc\u015f\u00fc ismini verdik ve bir yaz boyunca Ayna restorana \u015fi\u015fe \u015fi\u015fe yapt\u0131k.<\/p>\n","protected":false},"author":2,"featured_media":0,"parent":0,"menu_order":0,"comment_status":"closed","ping_status":"closed","template":"","meta":{"_eb_attr":"","footnotes":""},"class_list":["post-2224","page","type-page","status-publish","hentry"],"_links":{"self":[{"href":"https:\/\/mandalinarossa.com\/index.php?rest_route=\/wp\/v2\/pages\/2224","targetHints":{"allow":["GET"]}}],"collection":[{"href":"https:\/\/mandalinarossa.com\/index.php?rest_route=\/wp\/v2\/pages"}],"about":[{"href":"https:\/\/mandalinarossa.com\/index.php?rest_route=\/wp\/v2\/types\/page"}],"author":[{"embeddable":true,"href":"https:\/\/mandalinarossa.com\/index.php?rest_route=\/wp\/v2\/users\/2"}],"replies":[{"embeddable":true,"href":"https:\/\/mandalinarossa.com\/index.php?rest_route=%2Fwp%2Fv2%2Fcomments&post=2224"}],"version-history":[{"count":4,"href":"https:\/\/mandalinarossa.com\/index.php?rest_route=\/wp\/v2\/pages\/2224\/revisions"}],"predecessor-version":[{"id":2228,"href":"https:\/\/mandalinarossa.com\/index.php?rest_route=\/wp\/v2\/pages\/2224\/revisions\/2228"}],"wp:attachment":[{"href":"https:\/\/mandalinarossa.com\/index.php?rest_route=%2Fwp%2Fv2%2Fmedia&parent=2224"}],"curies":[{"name":"wp","href":"https:\/\/api.w.org\/{rel}","templated":true}]}}